5*m + 5*p - 7*p - 7235. What are the prime factors of m?
5, 17
Let z(m) be the third derivative of m**6/120 + m**5/10 + 7*m**4/24 + m**3 + 11*m**2. Let t be z(-6). Let r = -25 - t. What are the prime factors of r?
11
Let u(h) = 28*h + 5. Let d be u(-2). Let w = d - 6. Let k = w + 81. List the prime factors of k.
2, 3
Let l(t) = 64*t - 22. What are the prime factors of l(7)?
2, 3, 71
Suppose 10986 = 4*h + 3*d, -4*h - d = 1585 - 12567. List the prime factors of h.
3, 5, 61
Let n(x) = 3*x - 6. Suppose 2*b = -4*p - 10, -3*b + 0*p + 25 = -2*p. Let m(j) = 2*j - 4. Let q(a) = b*n(a) - 8*m(a). List the prime factors of q(-1).
3
Suppose g = -5*d + 198, 4*d = 2*d + 5*g + 90. Let c = 60 - d. Suppose -p + c = p. What are the prime factors of p?
2, 5
Let m be (-39)/(-6) + 2/(-4). Suppose 0 = -3*d - 3*q - 18, 5*d + 4*q - 5 = m*q. What are the prime factors of ((-1)/(-3))/(d/(-51))?
17
Let c(d) = -4*d - 4*d + 10*d + 43. List the prime factors of c(0).
43
Suppose 0 = -n + 5*n - 4*c + 24, c = -2*n - 18. Let r be 1*(-4)/n*0. Suppose -4*j - 3*k + 108 = 0, j + j + 4*k - 64 = r. What are the prime factors of j?
2, 3
Let n(v) = 25*v**2 + 14*v - 2. What are the prime factors of n(-11)?
19, 151
Let t(p) = -2*p - 29. Let g be t(-15). Suppose 2*y - 13 - g = 0. What are the prime factors of y?
7
Let o = -65 - -52. Let j = o - -246. What are the prime factors of j?
233
Suppose -2*s = -15 + 3. Suppose 0 = 4*q - s*q. Suppose q*z - z = -27. What are the prime factors of z?
3
Let d = 116 + -42. Let a = -18 + d. What are the prime factors of a?
2, 7
Let g(o) = -24*o + 9. Let s be g(9). What are the prime factors of (-5 - s)*3/6?
101
Let d = -1091 + 1444. List the prime factors of d.
353
Let j = -65 + 65. Suppose 4*r + 5*r - 1971 = j. What are the prime factors of r?
3, 73
Suppose 0 = -4*n - 0*g - 4*g + 32, n - 3*g + 8 = 0. What are the prime factors of (89/3)/(n/12)?
89
Let t = -180 + 342. List the prime factors of t.
2, 3
Let f = 183 - 85. What are the prime factors of f?
2, 7
Let q(p) = p + 10. Let a be q(-10). Suppose -4*y + 12 + a = 0. Suppose -2*g - y*g = -15. List the prime factors of g.
3
Let v(i) = -7 + 22 - i**2 + i**2 + 16*i - i**2. Let a be v(14). Let n = a - 26. What are the prime factors of n?
17
Let z(d) = 37*d**2 + 138*d + 11. List the prime factors of z(-6).
5, 103
Let w be 56/21 - 2/(-6). Let v(o) = 10*o - w*o + 2*o + 5 + 8*o**2 - 4*o**3 + 3*o**3. What are the prime factors of v(9)?
5
Suppose 5*l - 6 = 2*l. Suppose 0*m - 701 = -3*m + l*x, 2*x - 1163 = -5*m. What are the prime factors of m?
233
Let k(f) = 3*f**2 - 22*f - 7. Let y be k(10). Suppose -2*p + y = 15. What are the prime factors of p?
29
Suppose -4206 = -24*j + 16098. List the prime factors of j.
2, 3, 47
Suppose -2*h = -4*b - 1952, -2554 - 1298 = -4*h - 5*b. What are the prime factors of h?
2, 11
Suppose -6*l + 4554 = -870. List the prime factors of (l - -4)*(-1)/(-4).
227
Let l be (2 + -1)/((-8)/(-24)). Let i(y) = -54*y - 7. Let u be i(l). What are the prime factors of 2/(-8) - u/4?
2, 3, 7
What are the prime factors of (-3 + -43)/(-1) + (0 - 3)?
43
Suppose -5294 + 639 = -5*q. List the prime factors of q.
7, 19
Let v(i) = 12*i**2 + 20*i - 17. List the prime factors of v(8).
911
Suppose -5*g - 4*l + 208 = 0, 291 - 65 = 5*g - 2*l. Suppose 0 = -2*y - 4*r + g, 4*y + 5*r + 30 = 127. What are the prime factors of y?
2, 7
Let z(s) = -56*s + 43. List the prime factors of z(-14).
827
Let m = -16 + 20. Suppose -4 + 12 = m*i. List the prime factors of 19 - (-2 + i) - -1.
2, 5
Suppose -366 - 495 = -3*l. Let n = l + -199. List the prime factors of n.
2, 11
Let c(n) = -38*n - 8. Let m be c(-7). Let r = -158 + m. List the prime factors of r.
2, 5
Let y(w) = 326*w**2 - 6*w - 15. List the prime factors of y(-2).
1301
Let r be ((-4)/(-6))/((-15)/(-5850)). Suppose 6*t - r = -68. What are the prime factors of t?
2
Let m(s) = s**3 + 8*s**2 + 11*s - 3. Let v be m(-6). Suppose 0 = -4*f - 4*j + 744, -v*j = -f + 174 + 12. What are the prime factors of f?
2, 3, 31
Let l = -178 + 182. What are the prime factors of l?
2
Let a(b) = -11*b + 35. List the prime factors of a(-27).
2, 83
Let l(u) = u + 17. Let s be l(-14). Let c be 2/6*s*-1. What are the prime factors of (1*(3 - 33))/c?
2, 3, 5
Suppose -l + 192*d + 318 = 193*d, 4*l + d - 1278 = 0. What are the prime factors of l?
2, 5
Suppose -2*v - 2*v = 12. What are the prime factors of 2 + -1 - (-24 + v)?
2, 7
Suppose 20 = 4*x + x. Let a = 2 + x. What are the prime factors of 57/6 - 3/a?
3
Let g be (9/(-6))/(3/68). Let d = -1 - -62. Let o = d + g. List the prime factors of o.
3
Suppose 135 = 2*k + 5*g, k + g = -k + 147. Let f be k/(-12) - (-4)/16. Let d(c) = -3*c + 2. List the prime factors of d(f).
2, 5
Suppose 4*b = 0, 4*b - 7*b = x + 12. Let u(d) = -d**3 - 11*d**2 + 7*d + 6. Let k be u(x). Let c = k + -30. List the prime factors of c.
2, 3
Let v(r) = -r**2 + r - 6. Let c be v(0). Let m = 41 - 32. Let n = c + m. What are the prime factors of n?
3
Let s(p) = -59*p + 226. List the prime factors of s(-9).
757
List the prime factors of 7655*(-24)/(-280) + (-1)/7.
2, 41
Suppose r + 0*r - 19 = 0. Let j = r + -15. What are the prime factors of 5*(0 + j/1)?
2, 5
Suppose -4*j - 16 = -0. Let h be 9/6 + -3 + 105/(-2). List the prime factors of h/j*(1 + 1).
3
Suppose 0 = 9*r - 1198 - 4562. Suppose 4*j - 512 = 2*p, -7*j + 2*j = 4*p - r. List the prime factors of j.
2
Let a(y) = y**2 - 11*y + 8. Let p be a(11). Suppose 3 = x + j, -3*j + p*j = -3*x + 9. Suppose -12 = -x*d, -2*l - 4*d + 4 + 46 = 0. List the prime factors of l.
17
Let i(z) = -7*z - 4. Let p be i(-5). Suppose a + 5*y - p = 0, a + y + 173 = 4*a. What are the prime factors of a?
2, 7
Let w(x) = x**2 + 3*x - 6. Suppose 2*d = -2*d + 8. Let s be d + -1 + 14/(-2). What are the prime factors of w(s)?
2, 3
Let j(y) = 21*y**2 + 11*y + 3. Let w be j(5). List the prime factors of 2/(-2) + w/11.
2, 13
What are the prime factors of 5*(-5)/((-50)/124)?
2, 31
Suppose n - 56 = -3*n. Suppose -5 + n = 3*y. Suppose 2*b + y*i - 16 = 0, 0 = -3*b + 3*i + 1 + 23. List the prime factors of b.
2
Let o(r) be the second derivative of r**5/20 - 4*r**4/3 + 5*r**3/2 + 3*r**2 + r. Let v be o(15). What are the prime factors of (1 + 57/v)*2?
3, 7
Suppose -3*t + 4*b - 1500 = -5*t, -b = 2*t - 1494. List the prime factors of t.
2, 373
Let j(u) = -3*u + 3*u - 2*u + 3*u. Let r(n) = -n**2 + 9*n + 13. Let x(t) = 5*j(t) - r(t). What are the prime factors of x(8)?
19
Let w(t) = -t - 12. Let i be w(-13). Let o = i + -7. What are the prime factors of ((-4)/o)/(8/108)?
3
Suppose 3*c - 133 = 410. Suppose a + 2*r = c, 0*r - 358 = -2*a - 5*r. Let g = -127 + a. What are the prime factors of g?
2, 31
Let b be (1/(-2) - -1)*20. Suppose 0 = -b*i + 8*i + 230. List the prime factors of i.
5, 23
Suppose 0*f - 4 = f + 2*l, 4*f + 5*l + 7 = 0. Suppose -q - f*z - 33 = -125, 4*q = 2*z + 408. List the prime factors of q.
2, 5
Let n be (8 - 4)*1/2. Suppose -8 + 0 = -n*u. Suppose -u*z = -0*z - 16. List the prime factors of z.
2
Suppose v = 5*a - 836, 86 = -2*a + 3*v + 410. Suppose 5*b - a - 152 = 0. What are the prime factors of b?
2
Suppose -4*r + 5*r = 242. Suppose -2*a + 4*a = r. Suppose -2*u - 8 = 0, -4*o + 3*u = 25 - a. What are the prime factors of o?
3, 7
Suppose 0 = 2*q + 154 + 158. List the prime factors of 2/(-13) - 6108/q.
3, 13
Let c(h) = -4*h**2 + 3*h + 16. Let j(u) = 4*u**2 - 2*u - 16. Let n(t) = -7*c(t) - 6*j(t). List the prime factors of n(-5).
3, 43
Let v(y) = -y**3 + 9*y**2 + 11*y - 6. Let x = -9 + 19. Let z be v(x). Suppose -3*q + 21 = a, 0*a + a - z*q = 49. What are the prime factors of a?
3, 11
Let c(k) = 2*k**2 + 40 - k**2 + 18*k + 0*k**2. List the prime factors of c(-24).
2, 23
Let q = -17 + 13. Let z(l) = -7*l + 40. What are the prime factors of z(q)?
2, 17
Let t(g) = 26*g**2 - 2*g - 4. Let o be t(4). Let a = o + -286. List the prime factors of a.
2, 59
Suppose -7972 = -9*p - 2428. What are the prime factors of p?
2, 7, 11
Suppose 8*s = 5550 - 1902. List the prime factors of s.
2, 3, 19
Let a = -28 - -32. Suppose -a*p + 664 = 4*g - 184, -3*p = -g + 196. What are the prime factors of g?
2, 13
Let u be 18/8*16/(-1). Let g be 2/(-3 + (-111)/u). Let v = 41 - g. What are the prime factors of v?
17
List the prime factors of -18*((-9)/12 - 793/52).
2, 3
Let v = -57 - 